{"id":21,"date":"2025-08-22T18:04:56","date_gmt":"2025-08-22T16:04:56","guid":{"rendered":"https:\/\/martyna.de\/?page_id=21"},"modified":"2025-10-14T19:35:41","modified_gmt":"2025-10-14T17:35:41","slug":"vita","status":"publish","type":"page","link":"https:\/\/martyna.de\/eng\/vita\/","title":{"rendered":"VITA"},"content":{"rendered":"<div data-elementor-type=\"wp-page\" data-elementor-id=\"21\" class=\"elementor elementor-21\" data-elementor-post-type=\"page\">\n\t\t\t\t<div class=\"elementor-element elementor-element-278540cb e-flex e-con-boxed neuron-fixed-no e-con e-parent\" data-id=\"278540cb\" data-element_type=\"container\">\n\t\t\t\t\t<div class=\"e-con-inner\">\n\t\t<div class=\"elementor-element elementor-element-c0f92c9 e-grid e-con-full neuron-fixed-no e-con e-child\" data-id=\"c0f92c9\" data-element_type=\"container\">\n\t\t\t\t<div class=\"elementor-element elementor-element-e4bb03c elementor-widget elementor-widget-text-editor\" data-id=\"e4bb03c\" data-element_type=\"widget\" data-widget_type=\"text-editor.default\">\n\t\t\t\t<div class=\"elementor-widget-container\">\n\t\t\t\t\t\t\t\t\t<p><style><span data-mce-type=\"bookmark\" style=\"display: inline-block; width: 0px; overflow: hidden; line-height: 0;\" class=\"mce_SELRES_start\">\ufeff<\/span><span data-mce-type=\"bookmark\" style=\"display: inline-block; width: 0px; overflow: hidden; line-height: 0;\" class=\"mce_SELRES_start\">\ufeff<\/span><br \/>.vita-wrap{<br \/>  font-family: 'Montserrat', sans-serif;<br \/>  max-width: 780px;<br \/>  color: #000;<br \/>}<br \/>.vita-title{<br \/>  font-weight: 700;<br \/>  font-size: 22px;<br \/>  line-height: 27px;<br \/>  margin: 40px 0 25px 0;<br \/>}<br \/>.vita-year{<br \/>  font-weight: 700;<br \/>  font-size: 18px;<br \/>  line-height: 27px;<br \/>  margin: 25px 0 10px 0;<br \/>}<br \/>.vita-text{<br \/>  font-weight: 400;<br \/>  font-size: 16px;<br \/>  line-height: 27px;<br \/>  margin: 0 0 18px 0;<br \/>}<br \/><\/style><\/p><div class=\"vita-wrap\"><div class=\"vita-title\">Przemyslaw Martyna<\/div><div class=\"vita-year\">1994<\/div><div class=\"vita-text\">Born in Kra\u015bnik (Poland)<\/div><div class=\"vita-year\">2016-2020<\/div><div class=\"vita-text\">University of Applied Sciences | Wiesbaden<br \/>Bachelor of Science: Architecture<\/div><div class=\"vita-year\">2020-2021<\/div><div class=\"vita-text\">Komplett Planungs &amp; Entwicklungs GmbH | Wiesbaden<\/div><div class=\"vita-year\">2022-2023<\/div><div class=\"vita-text\">Pemko Webdesign | Wiesbaden<\/div><div class=\"vita-year\">2023-2025<\/div><div class=\"vita-text\">George &amp; Przemyslaw | Wiesbaden<\/div><div class=\"vita-year\">Since 2025<\/div><div class=\"vita-text\">Przemyslaw Martyna | H\u00fcnstetten<\/div><\/div>\t\t\t\t\t\t\t\t<\/div>\n\t\t\t\t<\/div>\n\t\t\t\t<div class=\"elementor-element elementor-element-a62279c elementor-widget elementor-widget-text-editor\" data-id=\"a62279c\" data-element_type=\"widget\" data-widget_type=\"text-editor.default\">\n\t\t\t\t<div class=\"elementor-widget-container\">\n\t\t\t\t\t\t\t\t\t<style>\n.vita-wrap{\n  font-family: 'Montserrat', sans-serif;\n  max-width: 780px;\n  color: #000;\n}\n.vita-title{\n  font-weight: 700;\n  font-size: 22px;\n  line-height: 27px;\n  margin: 40px 0 25px 0;\n}\n.vita-year{\n  font-weight: 700;\n  font-size: 18px;\n  line-height: 27px;\n  margin: 25px 0 10px 0;\n}\n.vita-entry{ margin: 0 0 20px 0; }\n\n\/* Einheitliche Textgr\u00f6\u00dfen f\u00fcr alle Eintragszeilen *\/\n.vita-price,\n.vita-proj,\n.vita-loc{\n  font-size: 16px;\n  line-height: 27px;\n  margin: 0;\n  color: #000;\n}\n.vita-price{ font-weight: 400; }\n.vita-proj{  font-weight: 600; }\n.vita-loc{   font-weight: 400; }\n<\/style>\n\n<div class=\"vita-wrap\">\n  <div class=\"vita-title\">Competitions and exhibitions<\/div>\n\n  <!-- 2023 -->\n  <div class=\"vita-year\">2023<\/div>\n  <div class=\"vita-entry\">\n    <p class=\"vita-price\">3rd prize<\/p>\n    <p class=\"vita-proj\">Anne Frank School, \"Color Mirror of History\"<\/p>\n    <p class=\"vita-loc\">Art in architecture, Germany<\/p>\n  <\/div>\n  <div class=\"vita-entry\">\n    <p class=\"vita-price\">2nd prize<\/p>\n    <p class=\"vita-proj\">\"Human rights for all\"<\/p>\n    <p class=\"vita-loc\">Creative competition, Germany<\/p>\n  <\/div>\n  <div class=\"vita-entry\">\n    <p class=\"vita-price\">2nd prize<\/p>\n    <p class=\"vita-proj\">\"The shining path of the deer\"<\/p>\n    <p class=\"vita-loc\">Design of traffic circle, Eislingen<\/p>\n  <\/div>\n\n  <!-- 2024 -->\n  <div class=\"vita-year\">2024<\/div>\n  <div class=\"vita-entry\">\n    <p class=\"vita-price\">2nd prize<\/p>\n    <p class=\"vita-proj\">\"Pixel, Transplantatio, Incactus\"<\/p>\n    <p class=\"vita-loc\">New Bonn Heart Center building, areas A and B<\/p>\n  <\/div>\n  <div class=\"vita-entry\">\n    <p class=\"vita-price\">Collective exhibition<\/p>\n    <p class=\"vita-proj\">\"Reduce, Reuse, Recycle\"<\/p>\n    <p class=\"vita-loc\">Fondazione Luciana Matalon, Milan<\/p>\n  <\/div>\n  <div class=\"vita-entry\">\n    <p class=\"vita-price\">Collective exhibition<\/p>\n    <p class=\"vita-proj\">\"Dementia\"<\/p>\n    <p class=\"vita-loc\">7th International Andr\u00e9 Evard Prize, Messmer Foundation, Riegel am Kaiserstuhl<\/p>\n  <\/div>\n\n  <!-- 2025 -->\n  <div class=\"vita-year\">2025<\/div>\n  <div class=\"vita-entry\">\n    <p class=\"vita-price\">Collective exhibition<\/p>\n    <p class=\"vita-proj\">\"Infinitas\"<\/p>\n    <p class=\"vita-loc\">Gallery OH, Karlsruhe<\/p>\n  <\/div>\n  <div class=\"vita-entry\">\n    <p class=\"vita-price\">1st prize<\/p>\n    <p class=\"vita-proj\">\"The last steps\"<\/p>\n    <p class=\"vita-loc\">Memorial, Oesede Monastery Cemetery, Georgsmarienh\u00fctte<\/p>\n  <\/div>\n  <div class=\"vita-entry\">\n    <p class=\"vita-price\">1st prize<\/p>\n    <p class=\"vita-proj\">\"The last path\"<\/p>\n    <p class=\"vita-loc\">Ideas competition, Worms<\/p>\n  <\/div>\n  <div class=\"vita-entry\">\n    <p class=\"vita-price\">3rd prize<\/p>\n    <p class=\"vita-proj\">\"Aiming high together\"<\/p>\n    <p class=\"vita-loc\">Two-phase art-in-architecture competition, Mainz<\/p>\n  <\/div>\n  <div class=\"vita-entry\">\n    <p class=\"vita-price\">Narrower choice<\/p>\n    <p class=\"vita-proj\">\"Kintsugi\"<\/p>\n    <p class=\"vita-loc\">Contemporary fa\u00e7ade on the north gable, Humboldt Forum, Berlin<\/p>\n  <\/div>\n  <div class=\"vita-entry\">\n    <p class=\"vita-price\">Currently in the 2nd phase<\/p>\n    <p class=\"vita-proj\">\"World of bees\"<\/p>\n    <p class=\"vita-loc\">Ortleweg daycare center, Berlin<\/p>\n  <\/div>\n  <div class=\"vita-entry\">\n    <p class=\"vita-price\">Currently in the 2nd phase<\/p>\n    <p class=\"vita-proj\">\"Labyrinth\"<\/p>\n    <p class=\"vita-loc\">GNUE Magdeburg police station<\/p>\n  <\/div>\n<\/div>\n\t\t\t\t\t\t\t\t<\/div>\n\t\t\t\t<\/div>\n\t\t\t\t<\/div>\n\t\t\t\t\t<\/div>\n\t\t\t\t<\/div>\n\t\t\t\t<\/div>","protected":false},"excerpt":{"rendered":"<p>Przemyslaw Martyna1994Geboren in Kra\u015bnik (Polen)2016\u20132020University of Applied Sciences | WiesbadenBachelor of Science: Architektur2020\u20132021Komplett Planungs &amp; Entwicklungs GmbH |&#8230;<\/p>","protected":false},"author":1,"featured_media":0,"parent":0,"menu_order":0,"comment_status":"closed","ping_status":"closed","template":"","meta":{"_acf_changed":false,"footnotes":""},"class_list":["post-21","page","type-page","status-publish","hentry"],"acf":[],"_links":{"self":[{"href":"https:\/\/martyna.de\/eng\/wp-json\/wp\/v2\/pages\/21","targetHints":{"allow":["GET"]}}],"collection":[{"href":"https:\/\/martyna.de\/eng\/wp-json\/wp\/v2\/pages"}],"about":[{"href":"https:\/\/martyna.de\/eng\/wp-json\/wp\/v2\/types\/page"}],"author":[{"embeddable":true,"href":"https:\/\/martyna.de\/eng\/wp-json\/wp\/v2\/users\/1"}],"replies":[{"embeddable":true,"href":"https:\/\/martyna.de\/eng\/wp-json\/wp\/v2\/comments?post=21"}],"version-history":[{"count":37,"href":"https:\/\/martyna.de\/eng\/wp-json\/wp\/v2\/pages\/21\/revisions"}],"predecessor-version":[{"id":29968,"href":"https:\/\/martyna.de\/eng\/wp-json\/wp\/v2\/pages\/21\/revisions\/29968"}],"wp:attachment":[{"href":"https:\/\/martyna.de\/eng\/wp-json\/wp\/v2\/media?parent=21"}],"curies":[{"name":"wp","href":"https:\/\/api.w.org\/{rel}","templated":true}]}}